92237. Is z a composite number?
False
Suppose -16257 - 284403 = -15*c. Suppose -142330 = -19*o + c. Is o a prime number?
False
Suppose 9594 + 3051 = 5*a. Suppose -b = -2906 - a. Is b a prime number?
False
Let d = -11 + 14. Suppose -d*x + 60 = 3*h, 6*h = -3*x + 2*h + 63. Let g = x - -20. Is g composite?
False
Let j = -58495 - -83867. Let k = 44153 - j. Is k composite?
True
Suppose 21*s = 24*s - 72. Suppose 2*w - 8*w = -s. Suppose 2*f = -w*v + 1669 + 2939, -2308 = -2*v - 3*f. Is v composite?
False
Let m(w) = -5*w**2 + 4*w**2 - w**2 + 4*w**2 - 1140 - 9*w + 1098. Suppose 0*n = n + 15. Is m(n) a composite number?
True
Suppose -3*u + 3*m + 11 = -1, 4*m = -4. Let n be (-1)/4 + (-3)/(-12). Suppose 4*d = -3*x + 6184, u*d = 4*x - n*x + 4613. Is d prime?
True
Let z(q) = 2*q**2 + 3*q - 3. Let v = 43 - 42. Let a be z(v). Suppose -4*d - b + 1173 = 0, d + a*b - 294 = b. Is d composite?
False
Let y be (4 + 2)*((-40185)/2)/(-15). Suppose -8*w + 58861 = y. Is w prime?
True
Let x(j) = 128*j**2 + 17*j + 362. Is x(17) a composite number?
False
Let c = 12103 - -63186. Is c prime?
True
Is 409429 + (3/(13 + 2) - 9/45) a composite number?
False
Suppose 2*l - 10 = -0*l. Suppose -4*s + 3*q = l*q - 56, 0 = -2*q + 8. Is 19881/s + (-1)/(-4) a prime number?
True
Let o(c) = 581*c**3 + 3*c - 2. Let s be o(1). Suppose 4*q - s = 1510. Let w = 2374 - q. Is w a prime number?
False
Let o = -208360 - -377187. Is o a prime number?
False
Let i = 73375 - 4514. Is i prime?
False
Let b = 69141 + 23108. Is b a composite number?
True
Suppose 0 = 3*o + 5*s + 42, o - 2*s = -2 - 1. Is o/(-63) - (-46224)/28 a composite number?
True
Let q(l) = 8752*l**2 - 164*l + 2945. Is q(16) composite?
True
Let a(j) be the third derivative of -17*j**4/12 - 7*j**3/6 + 3*j**2. Let x(s) = s**2 + 25*s - 71. Let c be x(-27). Is a(c) a composite number?
False
Let x(g) = 6309*g - 494. Is x(3) composite?
False
Let h be -2*(7 + (-23)/2). Is h + (-700)/77 + (-47136)/(-11) a prime number?
False
Suppose -3*y + 105100 = -23*y. Is (2 - y)/(13/13) a prime number?
False
Let p = 20 + -18. Let u = -21 - -25. Suppose -p*o - u*k + 3*k + 1267 = 0, 2*o = -5*k + 1287. Is o prime?
True
Let w(k) = 227*k**2 + 9*k - 20. Let d be w(-8). Suppose -2297 = -4*q - 3*i + d, 8356 = 2*q - 2*i. Is q composite?
True
Let v = -9102 - -16470. Suppose 0 = -o + v + 7297. Suppose -o = -16*s + 9*s. Is s a prime number?
False
Let d(n) = 6*n**3 - 20*n**2 - 19*n + 58. Let i(x) = 58 + 19 - 18*x + 7*x**3 - 13*x**2 - 7*x**2 - 18. Let j(v) = 6*d(v) - 5*i(v). Is j(22) prime?
False
Let j = 26 + 2444. Suppose 4*u - 8562 = -j. Is u a composite number?
False
Let q(f) = -18*f**2 + 24 - 3*f + f**3 + 44*f + 13*f - 4*f**2. Suppose -1177*v + 1165*v + 276 = 0. Is q(v) a prime number?
False
Suppose -323 - 16322 = -u + 21948. Is u a prime number?
True
Let z be 9/(-6) + 2185/(-10). Let i = 327 + z. Let s = i - -20. Is s a composite number?
False
Let p = 878422 - 463815. Is p prime?
True
Let x = 3941622 - -555239. Is x a prime number?
True
Suppose -33*k + 18*k = -26*k + 3356639. Is k prime?
False
Suppose 0 = -s - 0*s - 2*x - 3, 4*s + x = 9. Suppose s*u + 63 = 12*u. Suppose 6832 = u*z + 9*z. Is z a prime number?
False
Let f be (0 - -4)*(3 + 10/(-4)). Is 4505 + 5/f*12/15 a composite number?
False
Let z(r) = 150*r**2 + 29*r - 309. Let g be z(12). Suppose 4*q = a - 4319, -4*a - a - 2*q + g = 0. Is a a prime number?
True
Suppose -144*z - 28*z + 311531345 = 43*z. Is z a composite number?
False
Is 56/8*(-14563)/(-7) composite?
False
Let z(y) = 108*y**2 - 485*y - 6166. Is z(-13) composite?
True
Let a(o) = -6*o**2 - 15*o**3 + 0*o**3 + 7*o**3 + 7 - 56*o**3 + 8*o. Let f be a(-5). Suppose 0*r + 2*r - 2*b - 3128 = 0, 5*r - 4*b - f = 0. Is r a prime number?
False
Let q(l) = l + 20. Let d be q(0). Suppose d = 4*t - 0. Suppose -t*v - 2*a + 609 = 0, -v - 3*v + 474 = -5*a. Is v a composite number?
True
Let x be -4 + 2 + 2 + (1 - -2). Is (2/x)/(958510/(-239631) - -4) a composite number?
False
Is ((-1)/1)/((-255320)/595714 - 105/(-245)) a prime number?
False
Suppose 21*t + 20*t = 1058333. Is t a prime number?
False
Let m = -137 - -140. Suppose -2*x - 4*j + 2074 = 0, x + m*j - 1040 = 2*j. Is x a prime number?
False
Suppose -3*x - 2*g + 37 = 0, 7 = -2*x - 5*g + 39. Let k = x + -9. Suppose -3*m - k*m + 4190 = 2*d, -4*d = 5*m - 4190. Is m composite?
True
Suppose 8*y - 50071 = 1033. Is -7 + (7 - 3) + y prime?
False
Let k(u) = -505*u + 19. Suppose 38 = -4*f + 14. Is k(f) a composite number?
False
Suppose 113 = -2*r - 1475. Let v = r + 521. Let t = 391 + v. Is t prime?
False
Is (-214324)/(-154)*(-455)/(-10) composite?
True
Let n = 2119064 - 1408581. Is n a prime number?
True
Let x be (7 - 1) + 16 + -2. Let l(v) = v**3 - 14*v**2 + 23*v - 3. Is l(x) composite?
False
Suppose 0 = 3*x + 5*m - 20282, 13*x - 18*x + 33825 = 4*m. Is x prime?
False
Is (6325 - (19 + -20))/(4/22) composite?
True
Is 21/(189/90) + 255699 a composite number?
False
Suppose 3916 = -2*q + 6*q. Let z be (q/(-33))/((-2 + 1)/33). Suppose o = -2*h + z, 4*h = h - 3*o + 1464. Is h a composite number?
False
Let u(f) = f**2 - 9*f - 19. Let d = 34 - 23. Let h be u(d). Suppose -b + 1169 = 2*a, h*b = 3*a + 2*a - 2950. Is a prime?
True
Suppose 122*n + 169*n = 76732917. Is n composite?
True
Let a(l) = 2*l**2 - 36*l - 33. Let i be a(19). Suppose 19486 = i*y + 2691. Is y prime?
True
Suppose -2*y - 77 + 17 = 0. Let j(q) = 9*q**2 - 13*q + 53. Is j(y) a prime number?
True
Suppose -5*t + 0*t + 140 = 0. Suppose -3*g + 7*f = 4*f - 3, 4*g = -2*f + t. Suppose 0 = -g*c + 3781 + 7134. Is c a composite number?
True
Suppose 17*z + 138774 = 3127867. Is z a composite number?
False
Suppose 469556 = 71*t - 67*t. Is t composite?
False
Is (4242/315)/(-101) - (18914854/(-30) + 2) composite?
False
Suppose -2*j = -0*j - 4*j. Suppose 0 = -m - 2*m - h - 28, j = 2*h + 2. Let p(r) = -4*r**3 + 4*r**2 + 5*r + 4. Is p(m) a prime number?
False
Let s be -6*14/(-63)*3/(-2). Is 2/4*(19172 - s) a composite number?
False
Is (506/176)/23 - (1775518/(-16) + 1) a prime number?
True
Suppose -95*i - 332970 = -125*i. Is i composite?
True
Let h be ((-3)/(9/(-1)))/((-1)/(-15)). Suppose h*v - 25665 = 5*c, 2*v + c - 10246 = -c. Suppose v + 2045 = 9*x. Is x a prime number?
True
Suppose 2200803 = 30*l + 21*l. Let s = l + -22280. Is s a composite number?
False
Let h = 36236 + -12119. Is h composite?
True
Suppose g + 4 - 8 = -r, -4*g = -2*r + 38. Let w(u) = 2*u - 18. Let f be w(r). Suppose f*o - 5296 = -8*o. Is o a prime number?
False
Suppose 4*x - 29065 = -j, 145325 = 5*j - 4*x + 3*x. Suppose -2*b = -5*b - 3*k + 17442, -4*k + j = 5*b. Is b prime?
False
Let g(r) = -r**3 + 16*r**2 - 13*r + 13. Let j be (-84)/(-20)*(-40)/(-12). Is g(j) a composite number?
False
Let w = -75 - -75. Let q(z) = -4*z - 1 - 2 + 12 + z**2 + w*z**2. Is q(-10) a composite number?
False
Suppose -4641*q = -4633*q - 387064. Is q composite?
False
Let y = -537 - -895. Suppose -32*b + 4554 = -12214. Let c = b - y. Is c a composite number?
True
Let a(z) = -42176*z - 4115. Is a(-12) a prime number?
True
Let b(h) = 36*h + 49. Suppose 6*t - 19 = 41. Is b(t) a prime number?
True
Is 69/161 + -6686*(-138)/21 prime?
False
Suppose 11664 = -f + 4*q + 92721, 3*f - q = 243105. Is f a prime number?
False
Let z(b) = -6*b**3 - b**2 + 5*b - 5. Let j(n) = 2*n**2 + 7*n - 3. Let q be j(-4). Let p be z(q). Is (-1)/((-1)/586) + p + 8 a prime number?
True
Let r = 13 - 8. Let u(t) = t**3 - 7*t**2 + 9*t + 5. Let i be u(r). Suppose 0 = 2*l - 3*w - 4624, i = 4*w + 7 + 1. Is l prime?
True
Suppose 2*o = -3*g - 182, 5*g + 418 = -3*o + 115. Let s = 103 + g. Is s a composite number?
False
Let k(f) = -7*f**2 - 8*f + 20. Let z(d) = 7*d**2 + 8*d - 20. Let b(p) = 5*k(p) + 6*z(p). Is b(7) a prime number?
True
Let n be (7 - 42)/(-5) + (-7 - -2). Suppose -7*o + 1055 = 5*j - 8*o, n*j - 422 = o. Is j a composite number?
False
Suppose 72*b = 84*b - 139*b + 27459813. Is b a prime number?
False
Suppose 0*m + 4*b = 5*m - 7203, 2*b = -4. Suppose -5*s = -15, -2*s - m = -9*k + 4*k. Is k a prime number?
False
Let p = -27980 - -53406. Is p a composite number?
True
Let j(g) = g**3 - 6*g**2 - 11*g + 9. Let k be j(8). Let s = k + -49. Is (s - -2) + 10/(-2) + 370 composite?
False
Let x = 106 + -99. Suppose -3*r + 3 = 0, x*o + 4*r = 12*o - 1506. Is o prime?
False
Let w(i) = -2